n factor of 210 and 10?
10
What is the greatest common divisor of 90 and 5610?
30
Calculate the greatest common divisor of 75330 and 310.
310
What is the greatest common divisor of 161 and 115?
23
What is the highest common divisor of 7261 and 137?
137
What is the highest common divisor of 132 and 11968?
44
What is the greatest common factor of 8 and 181?
1
What is the greatest common divisor of 182 and 1950?
26
Calculate the greatest common divisor of 136 and 102.
34
Calculate the highest common divisor of 45 and 315.
45
What is the highest common divisor of 3926 and 182?
26
Calculate the highest common factor of 156 and 338.
26
Calculate the greatest common factor of 10 and 51190.
10
Calculate the greatest common factor of 7000 and 504.
56
Calculate the highest common divisor of 2170 and 140.
70
Calculate the highest common divisor of 165 and 1023.
33
What is the highest common divisor of 240 and 112?
16
Calculate the greatest common divisor of 130 and 286.
26
Calculate the greatest common factor of 16 and 43088.
16
Calculate the highest common divisor of 51 and 2006.
17
What is the highest common factor of 5707 and 195?
13
Calculate the greatest common factor of 49 and 2.
1
What is the highest common factor of 18 and 22?
2
What is the highest common divisor of 42 and 48510?
42
What is the highest common factor of 860 and 20?
20
What is the greatest common divisor of 615 and 30?
15
What is the highest common divisor of 5612 and 161?
23
What is the greatest common divisor of 2070 and 90?
90
What is the greatest common divisor of 560 and 208?
16
What is the greatest common divisor of 10680 and 120?
120
Calculate the highest common divisor of 3588 and 46.
46
Calculate the greatest common divisor of 114 and 2356.
38
What is the greatest common factor of 79 and 10823?
79
What is the highest common divisor of 390 and 442?
26
Calculate the greatest common divisor of 35 and 7.
7
What is the highest common factor of 456 and 57?
57
Calculate the highest common divisor of 138 and 57.
3
Calculate the highest common factor of 26 and 1534.
26
What is the highest common divisor of 1173 and 138?
69
Calculate the greatest common factor of 10506 and 12.
6
Calculate the greatest common factor of 195 and 468.
39
What is the greatest common factor of 50 and 190?
10
What is the highest common factor of 46 and 506?
46
Calculate the greatest common factor of 804 and 156.
12
Calculate the greatest common divisor of 1513 and 17.
17
Calculate the highest common factor of 39 and 156.
39
Calculate the greatest common factor of 171 and 12597.
57
Calculate the highest common divisor of 36 and 261.
9
What is the highest common divisor of 81 and 57?
3
Calculate the greatest common divisor of 9 and 3.
3
Calculate the greatest common factor of 76 and 1292.
76
Calculate the greatest common divisor of 5652 and 27.
9
Calculate the highest common divisor of 70 and 42.
14
Calculate the highest common divisor of 416 and 26.
26
What is the greatest common divisor of 2399 and 3?
1
Calculate the highest common factor of 112 and 336.
112
Calculate the greatest common factor of 3683 and 1397.
127
Calculate the greatest common factor of 48 and 128.
16
What is the highest common divisor of 15151 and 556?
139
Calculate the greatest common factor of 1914 and 33.
33
Calculate the greatest common divisor of 12 and 102.
6
What is the greatest common divisor of 113 and 565?
113
Calculate the greatest common factor of 69140 and 20.
20
Calculate the highest common factor of 69 and 9637.
23
Calculate the highest common factor of 2160 and 48.
48
What is the highest common divisor of 1702 and 3922?
74
Calculate the highest common factor of 25 and 1200.
25
What is the greatest common factor of 62 and 25978?
62
Calculate the greatest common divisor of 680 and 440.
40
What is the greatest common divisor of 52 and 1625?
13
What is the greatest common factor of 473 and 2021?
43
Calculate the highest common divisor of 1413 and 4553.
157
What is the greatest common factor of 21 and 5999?
7
Calculate the highest common factor of 154 and 1826.
22
Calculate the greatest common factor of 60 and 660.
60
What is the highest common divisor of 7760 and 80?
80
What is the highest common factor of 1387 and 19?
19
What is the greatest common factor of 35938 and 238?
238
Calculate the highest common factor of 680 and 425.
85
What is the highest common divisor of 9 and 33?
3
What is the greatest common divisor of 12 and 12?
12
What is the greatest common factor of 53 and 13409?
53
What is the greatest common factor of 66 and 11418?
66
Calculate the greatest common divisor of 39 and 33.
3
What is the greatest common factor of 1984 and 744?
248
What is the greatest common factor of 16 and 248?
8
What is the highest common divisor of 265 and 295?
5
What is the highest common divisor of 546 and 56?
14
Calculate the highest common divisor of 28 and 61684.
28
Calculate the highest common divisor of 31072 and 32.
32
What is the greatest common divisor of 1334 and 58?
58
What is the highest common factor of 26 and 13?
13
Calculate the greatest common divisor of 45 and 4035.
15
What is the greatest common factor of 4 and 302?
2
Calculate the highest common factor of 136 and 102.
34
What is the highest common factor of 102 and 816?
102
What is the greatest common divisor of 16 and 496?
16
What is the highest common divisor of 2090 and 44?
22
What is the greatest common divisor of 28 and 217?
7
What is the greatest common divisor of 51 and 17?
17
What is the greatest common divisor of 583 and 106?
53
What is the greatest common factor of 336 and 1848?
168
What is the highest common divisor of 159 and 212?
53
What is the greatest common factor of 2 and 4?
2
Calculate the greatest common factor of 50 and 190.
10
Calculate the greatest common divisor of 93 and 38409.
93
What is the greatest common factor of 788 and 16?
4
Calculate the greatest common factor of 168 and 2424.
24
Calculate the greatest common factor of 665 and 35.
35
What is the greatest common factor of 14017 and 917?
131
What is the highest common divisor of 2675 and 107?
107
What is the highest common factor of 118 and 2242?
118
What is the greatest common divisor of 73 and 1679?
73
What is the greatest common divisor of 456 and 57?
57
What is the greatest common divisor of 132 and 1650?
66
Calculate the greatest common divisor of 505 and 15.
5
What is the highest common divisor of 8 and 2168?
8
What is the greatest common factor of 123 and 2091?
123
Calculate the highest common divisor of 5130 and 266.
38
What is the greatest common divisor of 35 and 119?
7
What is the greatest common factor of 238 and 14?
14
What is the highest common divisor of 20 and 13990?
10
Calculate the greatest common divisor of 18683 and 28.
7
What is the highest common divisor of 5 and 25?
5
What is the greatest common divisor of 310 and 270?
10
Calculate the greatest common factor of 23 and 253.
23
Calculate the greatest common factor of 18 and 42.
6
Calculate the greatest common factor of 80 and 144.
16
Calculate the highest common divisor of 94 and 32665.
47
What is the greatest common divisor of 54 and 1290?
6
What is the highest common factor of 1134 and 14?
14
What is the highest common divisor of 66 and 418?
22
Calculate the greatest common divisor of 26 and 78.
26
What is the greatest common divisor of 5052 and 12?
12
What is the greatest common divisor of 40 and 3104?
8
What is the highest common factor of 385 and 560?
35
Calculate the greatest common factor of 16 and 584.
8
Calculate the greatest common factor of 3312 and 920.
184
What is the highest common divisor of 20553 and 102?
51
What is the greatest common factor of 24 and 30?
6
What is the highest common factor of 114 and 3078?
114
What is the highest common factor of 4648 and 56?
56
Calculate the greatest common divisor of 1792 and 7.
7
Calculate the greatest common divisor of 1368 and 114.
114
Calculate the highest common divisor of 378 and 675.
27
Calculate the highest common factor of 30 and 30.
30
Calculate the highest common factor of 2644 and 4.
4
Calculate the greatest common factor of 416 and 26.
26
Calculate the greatest common factor of 4 and 44.
4
What is the highest common divisor of 8777 and 262?
131
W